e highest common factor of 155 and t?
31
Let z be ((-72)/32)/((-3)/8). Let d be (114/9)/(4/z). Calculate the highest common factor of d and 38.
19
Suppose 8 = -3*u - 7, 0 = -n + u + 7. What is the greatest common factor of n and 5?
1
Let w(l) = -21*l**3 - l**2 - l. Let t be w(-1). Let h(q) = -q**3 - 26*q**2 - 10*q - 29. Let o be h(-26). What is the highest common factor of t and o?
21
Let w be 66/5*(-9)/(126/(-35)). Calculate the highest common factor of w and 264.
33
Let i(b) = -b**2 + 8*b - 1. Let p = -3 + 8. Let z be i(p). What is the highest common divisor of z and 2?
2
Suppose -23 = 6*d - 65. Calculate the highest common factor of 63 and d.
7
Let x = -9 - -29. What is the greatest common factor of 8 and x?
4
Let f = -3 - -6. What is the greatest common factor of 33 and f?
3
Let t = 16 + -8. Let m(s) = 6*s - 3. Let q be m(t). Calculate the greatest common factor of q and 15.
15
Let w be 1*(1 - (-50 + 3)). Suppose -i + 3*i - 12 = 4*a, -4*i + 24 = 4*a. What is the greatest common divisor of w and i?
6
Suppose t + 9*l - 10*l = 168, -5*t - l + 840 = 0. What is the greatest common factor of t and 24?
24
Suppose 3*a = 5*x - 27, 0 = 3*x + 3*a - 3 + 6. Suppose -8*h = -x*h + 2*y - 33, -2*y = -8. Calculate the highest common factor of 35 and h.
5
Let c = -19 - 19. Let i = c - 45. Let w = -44 - i. What is the highest common divisor of w and 13?
13
Let w be ((-2)/6)/(5/(-585)). Suppose -4*d + 0*d = -2*k - 96, -2*d - 180 = 5*k. Let f be k/(-3) + (-1)/(-3). Calculate the highest common divisor of f and w.
13
Suppose -4*r + 2*r - 2*s + 70 = 0, -2*s = -3*r + 110. What is the greatest common factor of 9 and r?
9
Let g(u) = -u**3 - 14*u**2 - 24*u + 5. Let v be g(-12). Calculate the highest common divisor of 5 and v.
5
Let z(j) = j**2 - 4*j - 11. Let g be z(9). Calculate the highest common factor of g and 68.
34
Let k = -36 - -77. Let r = k - -106. Calculate the greatest common divisor of 21 and r.
21
Suppose 0 = 3*k + 4*j - 243, 5*k - 3*j + 0*j = 434. Suppose -n = -2*n + k. What is the highest common factor of n and 34?
17
Let y(a) = -a**3 - 14*a**2 - 24*a + 18. Let w be y(-12). Let i = 35 - -10. Calculate the highest common divisor of w and i.
9
Let r be (-10)/(-4)*(2 - 0). Suppose -3*s - 24 = -r*s. Suppose -d - 24 = -2*d. What is the greatest common factor of d and s?
12
Let d(h) = h**2 + 2*h - 3. Let p be d(2). Suppose 3*i - p*q = 85, 0 + 5 = -q. Calculate the greatest common factor of i and 50.
10
Let h(m) be the third derivative of m**4/6 - 2*m**3/3 - m**2. Let a be h(3). Calculate the highest common factor of 2 and a.
2
Let o = 44 - -13. Calculate the highest common divisor of o and 76.
19
Suppose l - 49 - 5 = 0. Calculate the greatest common divisor of 9 and l.
9
Suppose 4*d - 64 = -4*z - 0*z, 0 = 2*z - d - 35. Calculate the greatest common divisor of z and 102.
17
Let s = 3 + 0. Let h be 2/((-20)/(-18))*5. What is the greatest common divisor of h and s?
3
Let x = -54 + 84. What is the highest common factor of x and 45?
15
Suppose -2*k = -7*k. Suppose 1 = -g - k. Let m be (0 + -1)/(g/5). Calculate the greatest common factor of m and 45.
5
Suppose -j = 2*j. Suppose 4 = 2*c - j. Let k be (c - (-3 - -4))*5. What is the greatest common divisor of k and 40?
5
Let l be -4 - (-27 + 0 + 0). Calculate the greatest common factor of l and 115.
23
Suppose 2*x + 0*p + 5 = 5*p, -2*p + 60 = 5*x. What is the greatest common factor of 10 and x?
10
Let y(p) = 38*p**3 + 2*p**2 + 3*p - 4. Let r be y(1). What is the greatest common factor of r and 52?
13
Let d(t) = -t**2 - 2*t + 5. Let n be d(-5). Let r = n - -18. Let x = -110 + 182. Calculate the greatest common divisor of x and r.
8
Let k(j) = 5*j - 2. Let y be k(4). Let z be 2/(-9) + (-2272)/(-18). What is the highest common divisor of z and y?
18
Let a be (-35 + 3)*3/(-2). Calculate the greatest common divisor of a and 12.
12
Let j = 8 + -6. Suppose -5*f + j*f = -198. Suppose 5*q + k - 30 = 0, 3 = 2*q + 3*k - 9. Calculate the highest common factor of f and q.
6
Let q be ((0 - -1)/(-2))/(1/(-330)). Calculate the highest common factor of 33 and q.
33
Let t be ((-9)/6)/(3/(-4)). Suppose 0*s = t*s - 32. Calculate the greatest common factor of 2 and s.
2
Let u(f) = -f + 14. Let d be u(-6). What is the greatest common factor of d and 50?
10
Suppose -200 = -9*d + 4*d. Suppose -j + d = 4*j. Calculate the greatest common divisor of j and 56.
8
Let s = 3 + 2. Suppose 201 = s*o - w, o - 29 = 3*w - 0*w. Suppose 2*q - 15 = o. Calculate the highest common divisor of 70 and q.
14
Suppose n - 6 = -h - 0*n, 4*h + 3*n - 22 = 0. Let s be ((-2)/h)/((-1)/(-526)). Let j = -175 - s. Calculate the greatest common factor of j and 8.
8
Suppose 2*v - 4*h = 14, 22 = 5*v - 5*h - 23. What is the greatest common divisor of v and 121?
11
Suppose 0*m + 48 = -m. Let q = -28 - m. Calculate the highest common divisor of 20 and q.
20
Let t = -15 + 20. Let l = t + 5. What is the greatest common divisor of l and 80?
10
Let w = 24 + -15. Calculate the greatest common factor of 81 and w.
9
Suppose -2*s - m + 14 = 4, 4*s = 2*m + 36. Calculate the greatest common factor of 77 and s.
7
Let l(q) = q**3 - 6*q**2 + 3*q + 4. Let d be l(6). Suppose 0*v - v + 2 = 0. Calculate the highest common divisor of d and v.
2
Let f = 1 - -4. Suppose -h - f = -17. Calculate the greatest common divisor of h and 132.
12
Suppose -4*x + 0 = -16. Let j be (-4)/(-16) - (-187)/x. Let a = j + -13. What is the greatest common factor of a and 51?
17
Suppose -4*g = -51 - 25. Let o = -12 + g. What is the greatest common factor of o and 21?
7
Let d be (12/10)/((-2)/(-5)). Let l(q) = -5*q - 3 + 22*q - d. Let m be l(6). What is the greatest common factor of 12 and m?
12
Let o be (-188)/(-36) + 2/(-9). Let b = -1 + o. Let y be (168/(-15))/(b/(-30)). What is the highest common factor of 12 and y?
12
Suppose 0 = -4*c + 69 - 13. Let d be (-5)/2*(-6)/5. Let m be (d + -3 - -3) + 39. Calculate the greatest common divisor of m and c.
14
Let k = -14 + 20. Suppose 560 = k*f - f. Calculate the greatest common factor of 16 and f.
16
Suppose -2*m - m + 6 = 0. Suppose 20 = 6*b - m*b. Let i be (36/10)/(2/b). Calculate the highest common divisor of 27 and i.
9
Let u(h) = 2*h**3 - 5*h**2 + 4*h + 1. Let i be u(3). Suppose 4*d - 2*a - 84 = 40, 3*d - 79 = 5*a. What is the greatest common factor of i and d?
11
Suppose q - 2*q + 194 = 3*a, 0 = 5*a - 4*q - 295. Let r be (-84)/5*50/(-20). Calculate the greatest common divisor of a and r.
21
Let s(v) = -v**2 + 8*v + 6. Let h be s(9). Let j be h - (54/(-3))/3. What is the greatest common divisor of 1 and j?
1
Suppose 2*v + 1836 = 4*v. Let r be v/8 - (-3)/12. Calculate the highest common divisor of r and 23.
23
Let f = 59 - 11. Calculate the greatest common divisor of 32 and f.
16
Suppose 4 = -h - 1. Suppose 2*m = -3*m - 20. Let b = m - h. Calculate the greatest common divisor of 7 and b.
1
Suppose -2*a - 3 + 19 = 0. What is the greatest common divisor of a and 72?
8
Let n(h) = 53*h**2 - h. Let x be n(-1). Suppose l = 3*q + 33, 0*q = 2*l + 5*q - 77. Calculate the highest common divisor of l and x.
18
Suppose 47 = 4*b - 69. Calculate the highest common factor of b and 29.
29
Let n(b) = -b**3 + 6*b**2 + b + 7. Let m be n(6). Let s be 4/(-16) + m/4. Suppose 2*a + s*a = 125. What is the highest common divisor of a and 10?
5
Suppose -3*j = -2*j - 14. Suppose -3*r + 31 = -6*r + 4*m, 5 = -m. Let g = -3 - r. What is the greatest common factor of g and j?
14
Suppose -46 = -2*b - 16. Calculate the greatest common factor of 30 and b.
15
Suppose -z = -3*o + 61, -2*o + 26 = -z - 13. Calculate the greatest common divisor of 88 and o.
22
Let n be 6*4/16*8/6. Suppose 0*f + 3*f - 48 = 0. Calculate the highest common divisor of n and f.
2
Suppose 4*t - 16 = -0, 5*x = -5*t + 190. Suppose -2*c = -22 - x. Suppose 0*f = -f + 7. Calculate the greatest common factor of f and c.
7
Suppose 4*l + 4*p - 130 + 38 = 0, -2*p - 10 = 0. Suppose -5 = 2*i - 3. Let w be -2 - (i*8 + -1). Calculate the greatest common divisor of l and w.
7
Let c(y) = y**2 - 5*y + 2. Let p be c(5). Let a be 10/14 + p/7. Let m = 29 + -20. Calculate the highest common divisor of a and m.
1
Let h = -234 - -157. Let i = -89 + 45. Let t = i - h. Calculate the greatest common factor of 11 and t.
11
Let r = -2 - -2. Suppose 